258599?
11, 23509
What are the prime factors of 4438741?
4438741
List the prime factors of 1538653.
17, 29, 3121
List the prime factors of 917365.
5, 183473
List the prime factors of 4817531.
173, 27847
List the prime factors of 218056.
2, 97, 281
List the prime factors of 710755.
5, 142151
What are the prime factors of 357724?
2, 89431
List the prime factors of 1401121.
181, 7741
What are the prime factors of 3436963?
877, 3919
List the prime factors of 160230.
2, 3, 5, 7, 109
What are the prime factors of 261817?
17, 15401
List the prime factors of 1881412.
2, 13, 97, 373
What are the prime factors of 439804?
2, 43, 2557
What are the prime factors of 56141?
31, 1811
List the prime factors of 142843.
83, 1721
List the prime factors of 6189438.
2, 3, 23, 44851
What are the prime factors of 4150276?
2, 13, 79813
List the prime factors of 357073.
357073
What are the prime factors of 1231435?
5, 41, 6007
List the prime factors of 1849038.
2, 3, 37, 8329
List the prime factors of 15939184.
2, 23, 43313
List the prime factors of 1047763.
1047763
List the prime factors of 3813647.
3813647
What are the prime factors of 764427?
3, 19, 13411
List the prime factors of 343401.
3, 114467
What are the prime factors of 780309?
3, 277, 313
What are the prime factors of 9918125?
5, 7, 2267
What are the prime factors of 8598733?
11, 13, 157, 383
List the prime factors of 530849.
11, 48259
List the prime factors of 179123.
7, 25589
What are the prime factors of 790350?
2, 3, 5, 11, 479
List the prime factors of 5347085.
5, 727, 1471
List the prime factors of 4763865.
3, 5, 317591
What are the prime factors of 359616?
2, 3, 1873
What are the prime factors of 2090030?
2, 5, 29, 7207
List the prime factors of 34390705.
5, 6878141
List the prime factors of 844098.
2, 3, 140683
List the prime factors of 246896.
2, 13, 1187
List the prime factors of 385936.
2, 24121
List the prime factors of 3921517.
457, 8581
What are the prime factors of 668486?
2, 7, 13, 3673
What are the prime factors of 370963?
409, 907
List the prime factors of 598051.
598051
What are the prime factors of 74681?
17, 23, 191
List the prime factors of 5202299.
5202299
What are the prime factors of 9651784?
2, 17, 70969
List the prime factors of 84428.
2, 21107
What are the prime factors of 407080?
2, 5, 10177
What are the prime factors of 7285926?
2, 3, 409, 2969
What are the prime factors of 1763100?
2, 3, 5, 653
What are the prime factors of 32927096?
2, 17, 83, 2917
List the prime factors of 376134.
2, 3, 11, 41, 139
What are the prime factors of 1627977?
3, 13, 19
What are the prime factors of 3557972?
2, 11, 80863
List the prime factors of 96283.
11, 8753
What are the prime factors of 4822864?
2, 301429
What are the prime factors of 20572167?
3, 7, 11, 89057
What are the prime factors of 255053?
255053
List the prime factors of 1326855.
3, 5, 53, 1669
List the prime factors of 5762618.
2, 383, 7523
What are the prime factors of 1351963?
23, 43, 1367
List the prime factors of 1170714.
2, 3, 41, 4759
What are the prime factors of 166504?
2, 13, 1601
What are the prime factors of 86088?
2, 3, 17, 211
List the prime factors of 27278426.
2, 7, 43, 113, 401
List the prime factors of 179481.
3, 29, 2063
What are the prime factors of 186677?
17, 79, 139
List the prime factors of 1353759.
3, 11, 41023
List the prime factors of 207412.
2, 51853
List the prime factors of 1933072.
2, 120817
List the prime factors of 8214947.
13, 53, 11923
What are the prime factors of 7396685?
5, 23, 64319
What are the prime factors of 13639848?
2, 3, 17, 101, 331
What are the prime factors of 909375?
3, 5, 97
List the prime factors of 183870.
2, 3, 5, 227
What are the prime factors of 716176?
2, 17, 2633
What are the prime factors of 81849?
3, 27283
What are the prime factors of 3882714?
2, 3, 11, 89, 661
What are the prime factors of 5944978?
2, 13, 137, 1669
What are the prime factors of 241243?
19, 12697
List the prime factors of 1629871.
73, 83, 269
List the prime factors of 24971654.
2, 12485827
What are the prime factors of 4319547?
3, 17, 84697
What are the prime factors of 643168?
2, 101, 199
What are the prime factors of 15887052?
2, 3, 441307
List the prime factors of 6486066.
2, 3, 360337
What are the prime factors of 15564900?
2, 3, 5, 13, 307
What are the prime factors of 135459?
3, 29, 173
List the prime factors of 212586.
2, 3, 11, 3221
List the prime factors of 147759.
3, 49253
List the prime factors of 15542306.
2, 13, 597781
List the prime factors of 244434.
2, 3, 40739
What are the prime factors of 69260?
2, 5, 3463
What are the prime factors of 3461802?
2, 3, 576967
List the prime factors of 574803.
3, 61, 349
List the prime factors of 155783.
155783
List the prime factors of 1297307.
11, 117937
List the prime factors of 718141.
89, 8069
List the prime factors of 14550298.
2, 7, 1039307
List the prime factors of 4228257.
3, 11, 17, 7537
List the prime factors of 2849826.
2, 3, 7, 67853
List the prime factors of 381354.
2, 3, 63559
List the prime factors of 1764584.
2, 220573
What are the prime factors of 10168461?
3, 23, 49123
What are the prime factors of 135444?
2, 3, 11287
List the prime factors of 1305348.
2, 3, 11, 29, 31
What are the prime factors of 25406721?
3, 17, 211, 787
What are the prime factors of 6808455?
3, 5, 16811
List the prime factors of 12008483.
12008483
List the prime factors of 163441.
137, 1193
List the prime factors of 298235.
5, 7, 8521
List the prime factors of 87985.
5, 17597
List the prime factors of 892325.
5, 7, 5099
What are the prime factors of 1134220?
2, 5, 56711
What are the prime factors of 108236?
2, 27059
What are the prime factors of 12633575?
5, 19, 26597
List the prime factors of 260257.
317, 821
List the prime factors of 1626586.
2, 13, 73, 857
List the prime factors of 35040158.
2, 41, 569, 751
List the prime factors of 127376.
2, 19, 419
List the prime factors of 1309128.
2, 3, 54547
List the prime factors of 137610.
2, 3, 5, 11, 139
What are the prime factors of 31585?
5, 6317
What are the prime factors of 1603463?
79, 20297
List the prime factors of 478134.
2, 3, 101, 263
What are the prime factors of 8189144?
2, 1023643
What are the prime factors of 296833?
296833
List the prime factors of 1181515.
5, 19, 12437
List the prime factors of 346972.
2, 86743
What are the prime factors of 336176?
2, 21011
List the prime factors of 23242445.
5, 4648489
List the prime factors of 511871.
293, 1747
List the prime factors of 1063980.
2, 3, 5, 23, 257
What are the prime factors of 139210?
2, 5, 13921
List the prime factors of 3674285.
5, 37, 19861
List the prime factors of 608796.
2, 3, 1879
What are the prime factors of 3263176?
2, 7, 58271
What are the prime factors of 914344?
2, 37, 3089
List the prime factors of 4637483.
4637483
What are the prime factors of 130875?
3, 5, 349
List the prime factors of 295616.
2, 31, 149
List the prime factors of 23633.
23633
List the prime factors of 30645760.
2, 5, 11971
What are the prime factors of 1332335?
5, 79, 3373
What are the prime factors of 4681220?
2, 5, 19, 97, 127
List the prime factors of 12458723.
1213, 10271
List the prime factors of 2168729.
31, 69959
What are the prime factors of 8006816?
2, 53, 4721
List the prime factors of 12528622.
2, 6264311
What are the prime factors of 2070379?
17, 121787
List the prime factors of 7642800.
2, 3, 5, 11, 193
List the prime factors of 18780337.
41, 458057
List the prime factors of 686762.
2, 343381
List the prime factors of 91831.
131, 701
List the prime factors of 200053.
7, 28579
What are the prime factors of 286012?
2, 71503
What are the prime factors of 4962024?
2, 3, 68917
What are the prime factors of 92528?
2, 5783
List the prime factors of 417270.
2, 3, 5, 7, 1987
What are the prime factors of 360304?
2, 7, 3217
What are the prime factors of 907512?
2, 3, 37813
What are the prime factors of 2171630?
2, 5, 217163
List the prime factors of 23371413.
3, 13, 17, 35251
What are the prime factors of 2212002?
2, 3, 13, 23, 137
What are the prime factors of 20134711?
20134711
List the prime factors of 227684.
2, 56921
List the prime factors of 13124323.
17, 772019
List the prime factors of 5525129.
23, 233, 1031
What are the prime factors of 451063?
71, 6353
What a